
100010
In base 13, what is 347 + 1?
348
In base 15, what is -a + 53c?
532
In base 8, what is 1 + -1651?
-1650
In base 6, what is -102 - -2?
-100
In base 15, what is -14 + 2b?
17
In base 15, what is 4 - 9a?
-96
In base 13, what is -18 + 3?
-15
In base 11, what is 2 - 13a1?
-139a
In base 12, what is 181 + -4?
179
In base 13, what is -1 - -50b?
50a
In base 11, what is 35 - 9?
27
In base 7, what is 351 + -61?
260
In base 10, what is -8 - 33?
-41
In base 9, what is 5 - -57?
63
In base 4, what is -1 - 112131?
-112132
In base 8, what is 1607 + 0?
1607
In base 5, what is 2 - 101?
-44
In base 8, what is -2403 + -4?
-2407
In base 9, what is 8 - 6?
2
In base 2, what is 10101010 + -100?
10100110
In base 8, what is 162524 + 4?
162530
In base 16, what is 3 - -10?
13
In base 16, what is -1 + 1c?
1b
In base 13, what is 5 - 81?
-79
In base 7, what is 13 - 123?
-110
In base 13, what is 16 - -5c?
75
In base 11, what is -3 + 14?
11
In base 16, what is -ed - c?
-f9
In base 10, what is 2 - 3096?
-3094
In base 12, what is -19 + 14?
-5
In base 15, what is 1 + 2a?
2b
In base 6, what is -11 + 203?
152
In base 13, what is -95 - 5?
-9a
In base 13, what is -152 - -8?
-147
In base 10, what is -66 + 3?
-63
In base 4, what is 1003 - -10?
1013
In base 16, what is 99 - 6?
93
In base 8, what is -44 - -2?
-42
In base 8, what is -146 - 5?
-153
In base 11, what is -5 - -3a?
35
In base 11, what is 3238 - 5?
3233
In base 9, what is 0 - 138?
-138
In base 3, what is -1111000 - -2?
-1110221
In base 11, what is -1551 + 5?
-1547
In base 8, what is 2047 - -1?
2050
In base 8, what is -1 - 1004?
-1005
In base 7, what is -42 + 25?
-14
In base 2, what is 10 - 110000101?
-110000011
In base 4, what is -10221 + 21?
-10200
In base 12, what is -331 - 1?
-332
In base 10, what is -352 + 6?
-346
In base 7, what is -31 - -35?
4
In base 6, what is -15 + -32?
-51
In base 6, what is -31224 - 2?
-31230
In base 10, what is 93 - 2?
91
In base 11, what is -517 - -5?
-512
In base 13, what is 68 - -3?
6b
In base 5, what is 40 + 42?
132
In base 8, what is 7575 - -10?
7605
In base 10, what is 355 + -1?
354
In base 13, what is -9 + -bac?
-bb8
In base 3, what is 22012 - -12?
22101
In base 11, what is 85 + 20?
a5
In base 9, what is -8088 - -4?
-8084
In base 5, what is -2 - 1044?
-1101
In base 8, what is -227 + -25?
-254
In base 10, what is 2 + -58?
-56
In base 9, what is 15 + 1?
16
In base 8, what is 0 - -2505?
2505
In base 9, what is -5 + -310?
-315
In base 3, what is -11 - -101202?
101121
In base 7, what is 14 + -120?
-103
In base 7, what is -13 - 42?
-55
In base 4, what is 20 - 222?
-202
In base 10, what is 3 + -3358?
-3355
In base 14, what is -1bb - 5?
-1c2
In base 12, what is 1687 + 3?
168a
In base 4, what is -200200 + -2?
-200202
In base 8, what is -7 - 436?
-445
In base 2, what is -10010101011 - 11?
-10010101110
In base 3, what is 11 - -200?
211
In base 4, what is 12 + -30?
-12
In base 3, what is 0 + -111120?
-111120
In base 16, what is -c9 - 2?
-cb
In base 13, what is 0 - 3?
-3
In base 11, what is 5 + 60?
65
In base 8, what is 4 - -352?
356
In base 14, what is -14a + 3?
-147
In base 16, what is d + e0?
ed
In base 9, what is 87 - -16?
114
In base 10, what is 3 + -701?
-698
In base 12, what is -4 + -a85?
-a89
In base 14, what is a + -a59?
-a4d
In base 14, what is -2a0 - 1a?
-2ba
In base 5, what is -1310240 + -1?
-1310241
In base 16, what is -9 - 5?
-e
In base 15, what is -a + 2a8?
29d
In base 5, what is -1 + -11?
-12
In base 3, what is 110 + 201?
1011
In base 15, what is -2 - -13a5?
13a3
In base 15, what is 3799 - 2?
3797
In base 11, what is -7 - 11?
-18
In base 4, what is 101 - 11?
30
In base 13, what is -7 + -23?
-2a
In base 9, what is 5785 + 4?
5800
In base 14, what is 4 + -c3?
-bd
In base 15, what is 0 + 10eb?
10eb
In base 16, what is -55 - 34?
-89
In base 9, what is -2 - 4?
-6
In base 7, what is -2103 + -2?
-2105
In base 5, what is 130 - 100?
30
In base 12, what is 136 - -7?
141
In base 12, what is -24 + 4?
-20
In base 15, what is 9 - 3e?
-35
In base 6, what is -4 + 22003?
21555
In base 16, what is -1 - 63?
-64
In base 5, what is -11 - 0?
-11
In base 14, what is 2 - -555?
557
In base 6, what is 2125 + -4?
2121
In base 9, what is -1 - -553?
552
In base 10, what is -245 + -1?
-246
In base 9, what is -1237 - -3?
-1234
In base 11, what is 382 + -19?
364
In base 2, what is -1101 + 110111001?
110101100
In base 9, what is 0 - -8?
8
In base 12, what is 5 + -b99?
-b94
In base 9, what is 5 - -87?
103
In base 12, what is 5 + 278?
281
In base 3, what is 2010 + 1120?
10200
In base 5, what is 11 - 1344?
-1333
In base 11, what is -354 + -4?
-358
In base 10, what is 17 - -5?
22
In base 2, what is -110100 - -100?
-110000
In base 14, what is 55 + b?
62
In base 5, what is 3221 + 11?
3232
In base 10, what is -2041 - -16?
-2025
In base 4, what is 2 + -2132?
-2130
In base 6, what is 4 - -10210?
10214
In base 2, what is -11 + 11010?
10111
In base 16, what is -2 + -fa?
-fc
In base 13, what is -1 + 30?
2c
In base 9, what is -6 - 78?
-85
In base 9, what is 224 - 17?
206
In base 6, what is 3 - -1212?
1215
In base 12, what is 7 + 52?
59
In base 16, what is 0 - 3?
-3
In base 15, what is -2c - -3?
-29
In base 8, what is -7457 - 0?
-7457
In base 9, what is 15240 - 0?
15240
In base 16, what is 6 - -5f?
65
In base 9, what is -43 - 58?
-112
In base 13, what is c - b7?
-a8
In base 9, what is -3 - -742?
738
In base 6, what is -1113142 + 3?
-1113135
In base 5, what is -1333 + 10?
-1323
In base 16, what is 1e - 3c?
-1e
In base 9, what is -545 - 12?
-557
In base 7, what is 0 - 1050?
-1050
In base 8, what is 13 + -345?
-332
In base 14, what is 17 - -5?
1c
In base 13, what is 17 - -4?
1b
In base 11, what is 3 - -a2?
a5
In base 9, what is -37 - -202?
154
In base 3, what is -10112 - -111?
-10001
In base 14, what is -1c - -58?
3a
In base 12, what is 2143 + -1?
2142
In base 6, what is -135304 + 1?
-135303
In base 2, what is -1110 - -11100?
1110
In base 12, what is -2 - 1242?
-1244
In base 9, what is 481 - 1?
480
In base 8, what is 2 - 310?
-306
In base 2, what is -1000001 - -11001?
-101000
In base 7, what is -2 + -16?
-21
In base 12, what is -2 - 9b?
-a1
In base 16, what is -8 + -101?
-109
In base 2, what is -101 - -110001?
101100
In base 15, what is 4 - -7?
b
In base 9, what is 42 - 12?
30
In base 5, what is -20 + 44?
24
In base 4, what is -330013 + 0?
-330013
In base 9, what is 14 - 8?
5
In base 10, what is 5411 - 3?
5408
In base 6, what is 1202 - 2?
1200
In base 4, what is 0 - -200?
200
In base 9, what is -1517 - -5?
-1512
In base 9, what is 1630 - -1?
1631
In base 13, what is 1 - 15?
-14
In base 13, what is -320 - 19?
-339
In base 11, what is 4 - -12?
16
In base 3, what is -1 + -11011200?
-11011201
In base 4, what is -2 + 1332?
1330
In base 6, what is 12340 - 2?
12334
In base 5, what is -22 - -32?
10
In base 14, what is 1 - 62?
-61
In base 12, what is 11 - 26?
-15
In base 3, what is 1 + 1002?
1010
In base 7, what is -5 - -12?
4
In base 9, what is -454 - 46?
-511
In base 7, what is 204 - -4?
211
In base 5, what is 13 - 1?
12
In base 7, what is -3 - 43?
-46
In base 16, what is 0 + -3b?
-3b
In base 13, what is -6a + -5?
-72
In base 14, what is 5d88 - 5?
5d83
In base 12, what is -70 + -6?
-76
In base 8, what is 24637 + -3?
24634
In base 16, what is -3 + -544?
-547
In base 6, what is 3 - 24531?
-24524
In base 8, what is 3 + -116?
-113
In base 6, what is 10 - 141?
-131
In base 13, what is -1807 - -2?
-1805
In base 5, what is -4 + -21023?
-21032
In base 6, what is -2354 - 4?
-2402
In base 11, what is -105 + 20?
-95
In base 3, what is 122201 + -2?
122122
In base 3, what is -122 + 12?
-110
In base 10, what is -543 + -1?
-544
In base 3, what is -100021 - -11?
-100010
In base 8, what is -14 - 157?
-173
In base 8, what is -435 - 33?
-470
In base 4, what is -1112 + 1?
-1111
In base 2, what is -110000101110 - 100?
-110000110010
In base 8, what is -5 - 3571?
-3576
In base 12, what is -110 - 1?
-111
In base 2, what is -1011 - -100000101?
11111010
In base 3, what is -1 + -221?
-222
In base 9, what is -226 - 51?
-277
In base 4, what is 21 - -30133?
30220
In base 10, what is 9 + -47?
-38
In base 4, what is 10 - 103121?
-103111
In base 5, what is 410 - 32?
323
In base 16, what is -2 + -72?
-74
In base 9, what is -82 - 5?
-87
In base 10, what is -13 + 57?
44
